 9) in base 14?
-32a595
What is -10312022 (base 5) in base 10?
-88387
196ef (base 16) to base 6
2122143
Convert 55267445 (base 8) to base 5.
11020443334
3430052 (base 6) to base 5
21044432
Convert -48345c (base 13) to base 6.
-100515340
51089a (base 13) to base 15
273e70
Convert -96876 (base 13) to base 3.
-111210200020
What is -13a50 (base 13) in base 5?
-2140112
Convert 51411042 (base 6) to base 5.
334311403
-313a764 (base 11) to base 8
-25070274
What is 1001122021012 (base 3) in base 15?
b205b
What is -1102100002012 (base 3) in base 6?
-24101222
Convert 1101010101011000001 (base 2) to base 15.
896d9
What is 476967 (base 10) in base 14?
c5b71
What is -11111110121112 (base 3) in base 8?
-11075465
-1163655 (base 7) to base 12
-72b29
What is 10234144 (base 6) in base 13?
a68c4
What is -10432300 (base 5) in base 6?
-1553425
Convert 1000101101110000000 (base 2) to base 8.
1055600
-4526 (base 16) to base 4
-10110212
Convert 111010111011010000100 (base 2) to base 16.
1d7684
1b574 (base 15) to base 16
15b98
What is -200020220020022 (base 3) in base 11?
-552703a
Convert 121011212001021 (base 3) to base 12.
2a68051
Convert 402dc (base 15) to base 10.
203157
What is 2817a (base 12) in base 10?
55534
Convert -b4576 (base 14) to base 10.
-434636
240644 (base 10) to base 11
154888
Convert 1021200121001 (base 3) to base 12.
28b161
Convert -1001010200 (base 3) to base 13.
-944a
What is 1102014422 (base 5) in base 3?
11110201120210
Convert 68575 (base 11) to base 2.
11000001101101101
Convert 752666 (base 11) to base 14.
234ad8
69d9c8 (base 14) to base 5
1411012200
Convert 274107 (base 8) to base 11.
66410
What is 10463314 (base 8) in base 11?
12aa962
What is 76106 (base 9) in base 4?
30103110
What is -2202220200011 (base 3) in base 14?
-2a5516
2a252 (base 15) to base 9
225815
39c1b (base 14) to base 6
3014521
What is -5395 (base 14) in base 12?
-8433
What is 430266 (base 7) in base 12?
371a9
11505734 (base 8) to base 16
268bdc
Convert -2b170c (base 13) to base 2.
-100000010110100110101
What is -1116811 (base 10) in base 15?
-170d91
What is 2786163 (base 9) in base 14?
2bca81
What is -2681402 (base 9) in base 3?
-2202201110002
What is -12cba8 (base 13) in base 10?
-456776
Convert -18229b9 (base 12) to base 16.
-4ca51d
-10b8a (base 15) to base 16
-cfee
Convert -b428d (base 15) to base 6.
-20123154
What is 111220120120 (base 4) in base 3?
101200002100201
-1d452d (base 14) to base 10
-1049229
What is 21603264 (base 7) in base 14?
368434
What is 68057 (base 12) in base 7?
1114141
Convert -78d3a (base 15) to base 13.
-105c3a
Convert 65073 (base 15) to base 7.
2504040
What is 69d0d (base 15) in base 6?
11120251
Convert 249a7 (base 13) to base 7.
400664
544502 (base 6) to base 14
12622
3350033 (base 6) to base 12
82319
What is -3252938 (base 10) in base 3?
-20010021012012
Convert -49069 (base 14) to base 13.
-632c2
Convert -35135 (base 11) to base 4.
-30120301
-184538 (base 10) to base 11
-116712
What is 142445 (base 6) in base 2?
11010011111101
What is -2033053 (base 7) in base 10?
-243568
What is -14940 (base 10) in base 7?
-61362
b18878 (base 14) to base 3
102020201102100
What is -1101011011021 (base 3) in base 14?
-15071c
-110104433 (base 5) to base 3
-220000010202
Convert -41724 (base 12) to base 14.
-23340
Convert -39a40 (base 15) to base 8.
-550360
Convert 1cbbb (base 16) to base 13.
41752
Convert 26908 (base 11) to base 12.
1a251
Convert 2110202002110 (base 3) to base 9.
2422073
Convert -111011100100000011 (base 2) to base 11.
-157332
What is 1213022203 (base 5) in base 3?
12101100110022
Convert 31413d (base 15) to base 7.
25624354
What is -1498234 (base 11) in base 16?
-2709fd
Convert 170742 (base 9) to base 2.
11001110001101101
What is 12231120023 (base 4) in base 10?
1758731
What is 335cd4 (base 16) in base 12?
1163b84
What is -a6078 (base 12) in base 11?
-139719
-503164 (base 7) to base 9
-138731
What is 633445 (base 7) in base 12?
53307
Convert 9692ac (base 13) to base 5.
1401031011
What is 1000202202022 (base 3) in base 7?
4434332
Convert -785367 (base 11) to base 12.
-504360
What is 10111100010011 (base 2) in base 8?
27423
What is -1112000111221 (base 3) in base 7?
-6601606
Convert a96948 (base 12) to base 8.
12177310
What is -361077 (base 8) in base 9?
-207312
Convert -332912 (base 11) to base 14.
-db652
-561020 (base 7) to base 13
-35c7b
-a4408 (base 12) to base 2
-110100011101001000
Convert -1010011100001101101 (base 2) to base 7.
-2623310
Convert -2ac66 (base 15) to base 7.
-1112511
-1c04e5 (base 15) to base 2
-101001101111110110110
What is 68522 (base 15) in base 2?
1010001000010000011
What is -53851 (base 10) in base 12?
-271b7
29cd5 (base 15) to base 14
3704d
Convert -1316924 (base 10) to base 4.
-11001200330
What is 3044133 (base 6) in base 7?
1145604
Convert -40031301 (base 6) to base 11.
-6a849a
Convert -132254355 (base 6) to base 8.
-12033777
What is -2325100 (base 6) in base 5?
-12322343
Convert 1d (base 14) to base 12.
23
Convert -6b72b8 (base 12) to base 6.
-101053552
404102055 (base 6) to base 4
122113310303
Convert 1225443112 (base 6) to base 11.
8065065
What is 16508a (base 13) in base 9?
1033546
92007 (base 11) to base 16
20d26
2351537 (base 9) to base 8
4670222
Convert e1583 (base 16) to base 8.
3412603
-2336103 (base 7) to base 12
-1228a0
1101110001011011 (base 2) to base 10
56411
Convert 13442405 (base 7) to base 13.
34bb48
What is -93ba60 (base 12) in base 6?
-121435000
Convert 4243442223 (base 5) to base 11.
5076136
What is 20eeb0 (base 16) in base 7?
24226202
10101011101111001010 (base 2) to base 8
2535712
What is 51593 (base 12) in base 11?
72901
What is -139928 (base 10) in base 2?
-100010001010011000
Convert -3cd5ef (base 16) to base 2.
-1111001101010111101111
What is d6b026 (base 15) in base 2?
100110111101010110110010
What is -236bc0 (base 14) in base 3?
-2021110101010
What is -32343423 (base 5) in base 15?
-57578
Convert 111a67 (base 11) to base 4.
223202002
What is -20826062 (base 9) in base 12?
-344b462
1011022202022 (base 3) to base 16
96869
Convert 23178 (base 9) to base 12.
8b45
What is 323500 (base 6) in base 14?
9a68
Convert 3550a0 (base 12) to base 6.
30224320
Convert -42e62c (base 16) to base 11.
-2524a98
What is 100023423 (base 6) in base 16?
19ae47
169197a (base 12) to base 11
26a974a
What is -63661 (base 9) in base 4?
-22101232
-31b88 (base 12) to base 5
-4044444
Convert -3220002320 (base 5) to base 11.
-3922932
Convert 124950 (base 10) to base 4.
132200112
-7569c (base 14) to base 13
-9c320
Convert 1516a2d (base 14) to base 9.
21301343
71b23 (base 12) to base 6
3103243
What is -c8107 (base 13) in base 14?
-9552c
Convert 2cbd3 (base 15) to base 8.
432047
-153642 (base 8) to base 13
-1c184
-564c7 (base 15) to base 5
-32240322
What is -1022003202 (base 4) in base 8?
-1120342
Convert -1925970 (base 11) to base 5.
-1313224443
1211230222 (base 4) to base 13
1177a8
What is -8fccc9 (base 16) in base 14?
-1374601
Convert -3408c (base 15) to base 9.
-272026
What is -3135043 (base 6) in base 13?
-546a2
Convert -1c1740 (base 13) to base 6.
-23213321
Convert -38a8c8 (base 16) to base 13.
-a00198
65b24c (base 15) to base 13
100927b
Convert 1243452 (base 7) to base 8.
474521
Convert -4310122230 (base 5) to base 6.
-522201422
3773b3 (base 12) to base 2
11011100110001110111
What is -10210313103 (base 4) in base 6?
-41413323
Convert -4240753 (base 8) to base 10.
-1130987
-100111111111001111011 (base 2) to base 16
-13fe7b
-110993 (base 10) to base 15
-22d48
-2853129 (base 10) to base 14
-543aad
158435 (base 12) to base 10
366953
Convert 6663456 (base 7) to base 10.
822408
What is -5614 (base 7) in base 11?
-1577
What is -10001110010011010 (base 2) in base 11?
-4a815
What is 1da329 (base 15) in base 4?
11202132330
Convert -52a0c (base 13) to base 2.
-100100010110100101
What is 40f50c (base 16) in base 15?
591526
-18648 (base 11) to base 7
-135666
-26664545 (base 7) to base 10
-2469878
What is -2200110120010 (base 3) in base 16?
-15c39c
Convert 570024 (base 12) to base 2.
101010011001100011100
What is 110182 (base 10) in base 3?
12121010211
Convert 33228c (base 14) to base 8.
6474104
What is 1124494 (base 10) in base 13?
304aa7
What is c2017 (base 14) in base 12?
1a5b71
1322302130 (base 4) to base 6
14440232
Convert -2050325